is the highest common divisor of h and c?
36
Let f = -53 - -45. Let o be (f/6)/((-26)/273). What is the highest common factor of 56 and o?
14
Let t be ((-36)/(-45))/((-4)/(-30)). Let z(y) = 48*y**2 + 3*y - 3. Let v be z(1). What is the greatest common divisor of v and t?
6
Suppose 4*d - d = 9. Suppose -3 = -0*q - d*q. Calculate the highest common divisor of 9 and q.
1
Let x = 74 - 34. Let a be 2/6*(0 + 6). Suppose a*w = 34 + 166. What is the highest common factor of x and w?
20
Let k = 26 - 12. Suppose 0 = -28*o + 31*o - 12. Suppose o*q + 8 = 8*q. Calculate the highest common divisor of q and k.
2
Let u(f) = -2*f. Let d be u(-1). Suppose 104 - 14 = d*a. Calculate the highest common factor of a and 9.
9
Let a = -273 + 287. What is the highest common factor of 791 and a?
7
Let c be 2/(-4) + 70/4. Suppose -195 = 18*d - 13*d. Let z = 192 + d. Calculate the greatest common divisor of z and c.
17
Suppose 0 = 5*i - 4*u - 1671 - 3773, 3*i - 3262 = -2*u. Calculate the greatest common divisor of 128 and i.
64
Suppose 2*t - 4 = 3*p + 5, -4*t = -2*p - 14. Suppose -70 = -0*d - 3*d + 4*q, -2*d - t*q + 75 = 0. What is the greatest common divisor of d and 15?
15
Let v be (-2041)/(-65) - 3/(-5). Let s = 422 + -398. What is the greatest common factor of v and s?
8
Let f = -467 + 471. What is the highest common factor of f and 6?
2
Suppose -9804 = 10*o - 67*o. Calculate the greatest common factor of 4 and o.
4
Suppose -452*u - 62280 = -488*u. What is the highest common factor of 10 and u?
10
Let w be (-57)/(-4) + (-1)/4. Let o be 32 - (-4 + (2 - -1)). Suppose o*u + 42 = 35*u. What is the highest common factor of w and u?
7
Let x be (-8)/3*(-231)/22 + 7. What is the highest common factor of 20 and x?
5
Let u be 1/1*-7 - -557. What is the highest common factor of u and 605?
55
Let l be -2 - (1 + (-226)/2). Let c = -85 - -90. Suppose d = c*d - 40. What is the highest common divisor of d and l?
10
Let y be (-9 - (1 + -10)) + 42. Calculate the greatest common divisor of y and 231.
21
Suppose 5*n - 3*n = 10. Suppose -2*c = -n*t - 0 - 3, c = 3*t. Calculate the greatest common divisor of 27 and c.
9
Let h be (-19 + 18)/(2/26). Let d be h/(-6) + -2 + (-11)/(-6). What is the greatest common factor of 2 and d?
2
Let g = -5 - -7. Let u be ((-1)/(-2))/(-6 + (-733)/(-122)). Suppose 215 = g*c + u. What is the highest common divisor of 11 and c?
11
Let q(b) = 2*b**2 - 39*b + 20. Let k be q(19). What is the highest common factor of 17 and k?
1
Let h be -1*19/(-2)*16. Suppose b - h = -b. What is the highest common factor of 19 and b?
19
Let d be (-25)/((-24)/21 - 5/(-35)). Calculate the greatest common factor of d and 65.
5
Let z = 196 + -43. What is the greatest common factor of 51 and z?
51
Let g be (4/2)/((-4)/(-10)). Suppose g*w = 9*w - 96. Let x be (-72)/(-15)*320/w. What is the highest common divisor of x and 8?
8
Suppose -12*t = f - 9*t - 1095, t = -f + 1087. Calculate the greatest common factor of f and 171.
57
Suppose 6*j - j + 3*b = 42, 0 = 3*j + 5*b - 22. Let f = j + -5. Calculate the greatest common factor of 2 and f.
2
Suppose -5*z + 360 = -3*i, -3*z - i + 81 = -135. What is the greatest common divisor of 108 and z?
36
Let n = 0 + 6. Suppose -r = -n*r + 10. Suppose -50 + 10 = -r*m. What is the highest common divisor of 50 and m?
10
Let h(q) = 8*q - 42. Let j be h(6). Suppose j*p = -4*p + 90. Calculate the greatest common factor of 99 and p.
9
Let n be (-9)/(-54) + 197/6. What is the greatest common divisor of 55 and n?
11
Let r(a) = 4*a - 15. Let b be r(7). Suppose -3*d + 2*d - 5*q = -7, d + 17 = 3*q. Let h = 5 - d. What is the greatest common factor of h and b?
13
Suppose -65 = -4*m + 127. Suppose 9*i = 215 - 107. Calculate the greatest common divisor of i and m.
12
Let r be (-48)/(-27) - (-2)/9. Let f be 57/(-38) - ((-129)/r + 0). Calculate the greatest common factor of 9 and f.
9
Suppose -f + 5 = -0. Suppose 4*x - 256 = -4*n, 6*n - 176 = 3*n + x. Suppose k + n = f*k. What is the highest common divisor of 105 and k?
15
Suppose 0 = -5*x + 5*k + 195, -x - 4*x = -k - 215. What is the greatest common factor of x and 308?
44
Suppose -2*y + 2*o = 3*y - 893, 0 = -5*o - 20. Suppose 5*t - 443 = y. Calculate the greatest common divisor of 31 and t.
31
Let v(h) = -h**3 + 26*h**2 - 25*h + 16. Let s be v(25). Let n = -6 - -11. Let p = n - 3. What is the greatest common divisor of s and p?
2
Let n be 9 - 2 - (0 - 0). Suppose -500*k + 97 = -496*k - 5*q, -k + 13 = -5*q. What is the greatest common divisor of k and n?
7
Let u(g) = -20*g - 5. Let r(m) = -m**2 - 99*m - 24. Let f(c) = 2*r(c) - 11*u(c). Let t be f(10). What is the highest common factor of 3 and t?
3
Suppose 4*a - 3*d - 137 = 0, 3*a + 2*a + 4*d - 179 = 0. Let j(f) = -29*f - 140. Let l be j(-5). Calculate the highest common divisor of a and l.
5
Let i = 985 - 787. Calculate the greatest common factor of 126 and i.
18
Suppose 5*c - 16 - 19 = 0. Suppose -57 + 337 = 4*k. What is the highest common divisor of k and c?
7
Let z = -10 - -21. Suppose -5 - z = -2*k. Let r be 12/k*6 + 2. What is the highest common divisor of 11 and r?
11
Let p be ((-1066)/(-39))/(5*(-6)/(-225)). What is the highest common divisor of p and 10?
5
Let s be 2/6 + 688/6. Let z(b) = 58*b - 383. Let k be z(7). What is the greatest common factor of s and k?
23
Let v be 2 - 1 - 1*-23. Suppose 52*t - 357 - 194 = 281. Calculate the greatest common divisor of v and t.
8
Let v be ((-3927)/(-66))/((-38)/20 - -2). Calculate the greatest common divisor of v and 357.
119
Suppose -8*q + 5*q = -27. Suppose -5*v + q = -2*v. Calculate the highest common factor of v and 12.
3
Let g = 1421 - 432. What is the highest common factor of g and 86?
43
Suppose -5*l = -13*q + 12*q - 118, 2*l - 2*q = 44. Calculate the greatest common divisor of 84 and l.
12
Suppose 5*j - b = 50, j + 3*b = 2*b + 4. What is the greatest common factor of 9 and j?
9
Suppose -5*w + j = -0*j - 20, -4*w + 16 = 3*j. Suppose -54*v + 1080 = 137*v - 448. What is the highest common divisor of v and w?
4
Let a = -109 - -163. Let m = a + -45. Suppose 0 = 4*h, 45 + 45 = 2*f + h. Calculate the greatest common divisor of f and m.
9
Let d(a) = -a**2 + 11*a + 24. Let j be d(12). Suppose 0 = -3*i - 4*m + 29 - 6, 3*i = 3*m - j. Calculate the highest common divisor of 5 and i.
1
Suppose 3*n - 264 = -84. Let o be ((-102)/10)/((-18)/90). Suppose -3*v = -6*x + 3*x + o, 57 = 3*x - v. What is the highest common divisor of n and x?
20
Let k(o) = -15*o + 11. Let a be k(0). Calculate the greatest common factor of 176 and a.
11
Suppose 10 = 5*h - 10. Suppose -4*k = -12, -5*k - 721 = -0*c - h*c. Let j = c - 96. What is the greatest common divisor of j and 8?
8
Let a be 1*(32/160)/((-1)/(-65)). Calculate the greatest common divisor of 13 and a.
13
Let w be (-14)/49 + 158/14. Let n = w - 7. What is the highest common divisor of n and 6?
2
Let q(j) = 4*j**2 - 87*j + 16. Let d be q(-6). What is the greatest common factor of d and 124?
62
Let b(n) = n + 2. Let p be b(2). Let o be (-9)/(-6)*(-32)/(-3). Let y = 48 - o. Calculate the greatest common factor of p and y.
4
Suppose -y = -5*y - 80. Let b be (-12)/y - (-8)/(-5) - -55. Calculate the greatest common divisor of b and 18.
18
Let z be (-400)/(-30) - 15/(-9). Suppose z*v - 16*v = -198. What is the greatest common divisor of v and 22?
22
Let c(t) = -t**2 + 69*t + 490. Let o be c(73). Calculate the highest common factor of o and 90.
18
Let i be (119/(-102))/(1/(-6)). Suppose a - 280 = -4*a. Calculate the highest common divisor of a and i.
7
Let c = -654 + 1025. Calculate the greatest common divisor of c and 583.
53
Let f(h) = 12 - 4 - 32 - 4*h. Let i be ((-7)/3)/(2/6). Let n be f(i). What is the highest common factor of 8 and n?
4
Let p(o) = o**2 - 32*o - 1. Let s be p(-8). What is the greatest common divisor of s and 58?
29
Let f(n) = n**2 + 5*n - 23. Let c be f(5). Calculate the highest common divisor of 126 and c.
9
Let y(a) = -a**3 - 18*a**2 + 39*a + 2. Let r be y(-20). Let i be (-1)/(0 - 1/r). What is the greatest common factor of 33 and i?
11
Suppose 58*m = -29707 + 98669. What is the greatest common divisor of 29 and m?
29
Suppose -5*v = -v - 4, -i + 4 = 2*v. Let k be (-176)/(-12) - i/(-6). What is the highest common factor of 6 and k?
3
Let k(f) = -f**3 - 5*f**2 - 7*f 